 base 14, what is -d13 - -13c?
-bb5
In base 11, what is -1023a + -14?
-10253
In base 15, what is -2 - 1e2862?
-1e2864
In base 16, what is 290b13 - -1?
290b14
In base 14, what is 11a4358 - 3?
11a4355
In base 5, what is -34132 + -1?
-34133
In base 8, what is -2161 + 4?
-2155
In base 2, what is -10011000101110001011 - 10?
-10011000101110001101
In base 2, what is -100 - 100100110011001011?
-100100110011001111
In base 9, what is -34068 + -4?
-34073
In base 2, what is -101111100100101010101 + -100?
-101111100100101011001
In base 12, what is -53b2 - 1?
-53b3
In base 4, what is -1233330221 + 1?
-1233330220
In base 10, what is -17 + 14837?
14820
In base 12, what is 63 + a95?
b38
In base 15, what is -d + -1106?
-1114
In base 13, what is -6c2 + 58a?
-135
In base 8, what is -36 - -627?
571
In base 14, what is 1308 + 10?
1318
In base 10, what is 135902 + 2?
135904
In base 12, what is 129b0 + 20?
12a10
In base 8, what is 2420 + 3144?
5564
In base 9, what is -71134 + 21?
-71113
In base 11, what is -14 + 1821?
1808
In base 5, what is -40401 - -3?
-40343
In base 9, what is -41038 + -2?
-41041
In base 10, what is -7 + -1461?
-1468
In base 11, what is 6178 - -5?
6182
In base 9, what is 548 + 562?
1221
In base 14, what is 2 + -1b481?
-1b47d
In base 15, what is 2 + -b3b43?
-b3b41
In base 13, what is 213805 + -2?
213803
In base 15, what is -23 - -4b2?
48e
In base 15, what is -6 - 177e8?
-177ee
In base 10, what is 4 + -5061?
-5057
In base 6, what is -12 + -1335523?
-1335535
In base 9, what is 305 - 753?
-447
In base 10, what is -417902 - -1?
-417901
In base 10, what is -22931 - 4?
-22935
In base 11, what is -2044 - 50?
-2094
In base 7, what is 3 - 14345?
-14342
In base 3, what is -101000 + 11011?
-12212
In base 15, what is 45 - 298?
-253
In base 15, what is 3 - 63a7?
-63a4
In base 16, what is 2dd - 1fd?
e0
In base 10, what is 12 - 16?
-4
In base 11, what is -3 + -729?
-731
In base 4, what is -12012 - -1010?
-11002
In base 13, what is 76 - -34a?
3c3
In base 7, what is -1511460 - -4?
-1511453
In base 5, what is -13344 + -13?
-13412
In base 9, what is 370 + 862?
1342
In base 6, what is 1021014 + -5?
1021005
In base 2, what is 11011110011000 - -101?
11011110011101
In base 14, what is -97 + 5257?
51a0
In base 10, what is 205784 + -33?
205751
In base 8, what is 51242 + 5?
51247
In base 11, what is 671 + -43a1?
-3830
In base 13, what is -711a - -2?
-7118
In base 8, what is -32111 + -16?
-32127
In base 4, what is -221101223 + 10?
-221101213
In base 13, what is 103 - -2aa2?
2ba5
In base 9, what is -4 - -80877?
80873
In base 8, what is -63376 + 4?
-63372
In base 6, what is 434031 - 24?
434003
In base 2, what is -11010 + 10?
-11000
In base 16, what is -5 - 96e70?
-96e75
In base 14, what is 2 + -2586b?
-25869
In base 12, what is -407a + 2b?
-404b
In base 10, what is 3 - -8035?
8038
In base 13, what is 112c + -194?
c68
In base 6, what is -103 + -5523?
-10030
In base 11, what is -1 + -61025?
-61026
In base 11, what is -52 + 1361?
130a
In base 8, what is -2 - 126235?
-126237
In base 15, what is 2 + 23957?
23959
In base 3, what is -1 + -102221002212?
-102221002220
In base 14, what is -1a7cd + -2b?
-1a81a
In base 4, what is -133 + -3030100?
-3030233
In base 16, what is -f5 - -1b?
-da
In base 16, what is 9 + -2af6a?
-2af61
In base 13, what is -6 - 7230?
-7236
In base 13, what is 26 - 946?
-920
In base 8, what is 650 - -5244?
6114
In base 4, what is -2323300 + -1221?
-2331121
In base 2, what is 11000000110010 + -110?
11000000101100
In base 3, what is 1010012212001 - 2?
1010012211222
In base 4, what is 20321 + -3031?
11230
In base 6, what is -133531 + -5?
-133540
In base 9, what is 580 + -3570?
-2880
In base 14, what is 4 + -1881?
-187b
In base 10, what is 5 + 70119?
70124
In base 15, what is d + 4c1?
4ce
In base 8, what is 35 + -4541?
-4504
In base 10, what is -96 - -1224?
1128
In base 9, what is -7166 - -55?
-7111
In base 16, what is -4e + 2f2?
2a4
In base 4, what is 2 + 122311321?
122311323
In base 11, what is 3 - 23583?
-23580
In base 16, what is -5 + -6f0?
-6f5
In base 16, what is 3 + -22e97?
-22e94
In base 7, what is 205 + 2513?
3021
In base 16, what is -d3af + 0?
-d3af
In base 3, what is 21 + -202112021?
-202112000
In base 7, what is -20426 - -5?
-20421
In base 4, what is 3 + 10312020?
10312023
In base 6, what is 21 + -35551?
-35530
In base 14, what is -7 + 700?
6d7
In base 13, what is -26a3 + -217?
-28ba
In base 2, what is -10100000101001 + 101?
-10100000100100
In base 5, what is 240231 + 1003?
241234
In base 2, what is -10110000 - 1011000111010?
-1011011101010
In base 15, what is 2 - -8691?
8693
In base 2, what is -100101001100010011110 + -1?
-100101001100010011111
In base 12, what is -12 - -ba0?
b8a
In base 14, what is -b99 + -73?
-c2c
In base 12, what is 857 - -10?
867
In base 10, what is -2438 + -28?
-2466
In base 9, what is -81 + -73?
-164
In base 5, what is 144 - 1140412?
-1140213
In base 4, what is 200033 - 21022?
113011
In base 10, what is -2 - 6167?
-6169
In base 3, what is -10 - -11212002001?
11212001221
In base 12, what is b - 4ab?
-4a0
In base 10, what is 55005 + -14?
54991
In base 8, what is 64355 + 32?
64407
In base 4, what is -211 - -112122?
111311
In base 10, what is -12 - -2626?
2614
In base 3, what is 100121211 + -10020?
100111121
In base 11, what is 4 + -61954?
-61950
In base 3, what is 11 + -102002201?
-102002120
In base 12, what is 121b31 + -5?
121b28
In base 3, what is 1110112101111 - 1?
1110112101110
In base 14, what is -24 - 762?
-786
In base 10, what is 121140 - 4?
121136
In base 12, what is 7b26 + -11?
7b15
In base 5, what is -140320 - 0?
-140320
In base 13, what is 0 + 155bc?
155bc
In base 7, what is 1036 - -224?
1263
In base 8, what is -1 + 232431?
232430
In base 6, what is 21 + 11143?
11204
In base 5, what is 12240 + 1233?
14023
In base 4, what is 212012232 - -3?
212012301
In base 2, what is -100000011100 - -110?
-100000010110
In base 2, what is 1 + 10000101001010010011?
10000101001010010100
In base 7, what is -6 - 333535?
-333544
In base 16, what is -3 + 37bf?
37bc
In base 4, what is -12323231 - -11?
-12323220
In base 11, what is 106aa - 0?
106aa
In base 14, what is 4 - -4897?
489b
In base 15, what is 4 - -51ee?
5203
In base 15, what is 93a - 16?
924
In base 12, what is -5 - 1482b1?
-1482b6
In base 4, what is -1120030 + -101?
-1120131
In base 12, what is -b3b5 + -4?
-b3b9
In base 14, what is -34872 + 0?
-34872
In base 2, what is 1010111110000 - 11011?
1010111010101
In base 8, what is -35771 + 2?
-35767
In base 10, what is 0 + -477?
-477
In base 9, what is 755 + 75?
841
In base 14, what is -895b8 - 2?
-895ba
In base 5, what is -4201313 + -2?
-4201320
In base 12, what is 174b2 - -11?
17503
In base 8, what is 45 - 551?
-504
In base 3, what is 21120121021 - 122?
21120120122
In base 4, what is -1 - 303332021?
-303332022
In base 16, what is -924 - -316?
-60e
In base 11, what is -2876 - -42?
-2834
In base 15, what is -23a0 + 20c?
-2193
In base 16, what is 632 + -288?
3aa
In base 3, what is 102 + -10200100221?
-10200100112
In base 2, what is 10100000100 - 1010?
10011111010
In base 4, what is -3 + -1303110223?
-1303110232
In base 14, what is -d + -5db5?
-5dc4
In base 5, what is -10 - -14003133?
14003123
In base 16, what is 802d + -4?
8029
In base 12, what is -24 - 2954?
-2978
In base 16, what is 67b + -7d?
5fe
In base 6, what is -2410025 + 0?
-2410025
In base 16, what is 2cf5 - -c?
2d01
In base 11, what is 285942 + 4?
285946
In base 2, what is 11100110000 + 10000010110?
101101000110
In base 5, what is 10203 + 1310?
12013
In base 3, what is 200 - 1020012200?
-1020012000
In base 13, what is c + 861b?
862a
In base 7, what is 50514 + -3?
50511
In base 6, what is 34 + -5033?
-4555
In base 12, what is -107057a - -5?
-1070575
In base 6, what is 421 + 15541?
20402
In base 7, what is 3 - 3132?
-3126
In base 9, what is 6437 + 82?
6530
In base 7, what is 1364 - 561?
503
In base 11, what is 14 + 1041?
1055
In base 16, what is -2d - 122?
-14f
In base 6, what is 2 - 114331?
-114325
In base 2, what is 1110100101 + 100101?
1111001010
In base 6, what is 35230434 - -4?
35230442
In base 9, what is -557004 + -5?
-557010
In base 6, what is -333 + 1251?
514
In base 5, what is -1243 + -44140?
-100433
In base 13, what is 167c - 8?
1674
In base 11, what is 8 + 22a10?
22a18
In 